ppose -a + 218 = 4*f, -a - 4*a + m*f + i = 0. Calculate the highest common factor of 30 and a.
30
Let a = 9 + 13. Let g(q) = 3*q**2 - 13*q - 33. Let v be g(18). Let d = v - 650. What is the highest common divisor of d and a?
11
Let v(x) be the third derivative of -61*x**4/24 - 55*x**3/3 - 8*x**2 - 3*x. Let c be v(-8). Calculate the highest common divisor of c and 42.
42
Suppose 0 = 4*w + 2*c - 366, -2*w - 4*c - 348 = -6*w. Let h be (w/(-4))/3*4/(-3). Suppose -10*f + h = -5*f. Calculate the greatest common factor of f and 14.
2
Let q be (-62432)/(-24) - (-20)/(-15). Suppose -31*l = -5*l - q. Calculate the highest common divisor of 1700 and l.
100
Let m be 2/1 + -7*(-1595)/203. What is the greatest common divisor of m and 13072?
19
Let j(y) be the second derivative of -5*y**4/4 - 12*y. Let b be j(1). Let f = b - -65. Calculate the highest common divisor of f and 10.
10
Let p be (252/81)/(-7) - ((-480)/(-54))/(-2). What is the highest common divisor of p and 16?
4
Let y(t) = -t**2 + 13*t - 31. Let m be y(9). Let l be (m - -150) + 10/2. Calculate the highest common divisor of 120 and l.
40
Let k(h) = 2 - 138*h + h**2 + 14 + 98*h + 22. Let n be k(42). Calculate the greatest common divisor of n and 305.
61
Let m = -485 - -251. Let p = -221 - m. Let b be (-4)/18 - 938/(-9). Calculate the highest common factor of b and p.
13
Let q = -592 - -589. Let w(n) = 0 - 4 + 2*n + 4*n**2 + 2. Let i be w(q). What is the greatest common divisor of 70 and i?
14
Let c = 678 - 469. Let x be 7/((-2205)/(-17997)) + 2/(-15). What is the greatest common divisor of x and c?
19
Let u = -1 - -3. Suppose g - 12 = -u*h - h, 5*g + 2*h - 60 = 0. Let o be (26 - 42) + (-120)/(-6). What is the highest common factor of g and o?
4
Let g be 379 + (-2 - 4) + 4. Calculate the highest common factor of g and 143.
13
Suppose -769 = -2*d + a, -2*d + 4*a = 9*a - 811. What is the greatest common factor of 3007 and d?
97
Let y(x) = -3331*x + 20086. Let i be y(6). What is the greatest common divisor of 3450 and i?
50
Let a be (3/((-18)/424))/(-11*(-12)/(-18414)). Calculate the highest common divisor of 93 and a.
93
Let z(u) = 12*u + 1064. Let n be z(-82). Calculate the highest common factor of 110 and n.
10
Suppose -726 = -4*s - 4*u + 7*u, -342 = -2*s + 5*u. What is the highest common factor of 12276 and s?
186
Suppose 3*c + 4*t + 31 = 0, t + 2 = -2. Let x = -542 - -577. Let d = x - c. What is the highest common factor of 200 and d?
40
Let n be 6479/186*(-2 + 8). Calculate the greatest common factor of n and 133.
19
Let f(d) = -11*d - 10*d - 93 + 75 - 30*d. Let v be f(-1). Calculate the highest common factor of v and 275.
11
Suppose 39 = -3*h + 150. Suppose 4*k = 2*p - 24, 7*k - 4*k = -p + h. Calculate the greatest common factor of 176 and p.
22
Let r be ((19360/(-66))/(-20))/((-4)/(-174)). Calculate the greatest common factor of 4 and r.
2
Let i be -1 + (-3 - 1)/4 - -1. Let s be i*(-2 + 5/1). Let d be (-20)/(-5) + s + 0/(-1). Calculate the highest common divisor of 4 and d.
1
Suppose -3438 - 6378 - 9108 = -12*x. Calculate the highest common divisor of x and 1411.
83
Let f be -2 - (-5731)/4 - 213/(-852). What is the greatest common divisor of 212 and f?
53
Let v = 5322 + -5145. Calculate the highest common factor of v and 1003.
59
Let s be -26*(1 + 0 + -2). Suppose 131 - s = 3*w. Let j = 4104 - 4097. Calculate the greatest common divisor of w and j.
7
Let s be (4 + 28/(-8))*126. Let g be s*(-2 - (-5 - -2)). Suppose x + 2*b - 32 = -0*x, -b = x - 37. Calculate the highest common factor of g and x.
21
Let h(j) = 73*j**2 + 871*j + 20. Let y be h(-12). Calculate the highest common divisor of y and 670.
10
Suppose -5*y + 226 + 29 = 0. Let i = 363 - y. Calculate the highest common factor of i and 24.
24
Suppose 10 = 3*g - 29. Let p = g + 17. What is the highest common divisor of 18 and p?
6
Let j(a) = -93*a + 79. Suppose -231 + 216 = 3*r. Let c be j(r). Calculate the highest common divisor of c and 17.
17
Let i(p) = -2*p**3 + 50*p**2 + 55*p - 8. Let b be i(26). Let r(a) = 270*a - 25. Let l be r(1). What is the greatest common factor of l and b?
35
Let i be (-129)/5 + 2/(-10). Let j = -10 - i. Suppose 3*g - 155 + 51 = 4*y, -4*g + 164 = y. What is the highest common factor of g and j?
8
Suppose 3*z - z = 480. Let u be (9/(-15))/(((-21)/15)/7). Suppose u*f - f = -4*g + 86, -g + 14 = 2*f. What is the highest common divisor of g and z?
24
Let i(d) = d**3 - 8*d**2 + 8*d + 23. Let k be i(14). Suppose 25*n - k = 6*n. Calculate the highest common divisor of 345 and n.
69
Suppose 0 = -3*o + 3*s + 2868, 62*s - 66*s = 5*o - 4834. What is the greatest common divisor of o and 156?
26
Let l(a) = 6*a + 6. Let x be l(-1). Suppose -3*r + 0*h + h = -145, 3*r + 2*h - 151 = x. Calculate the greatest common divisor of 35 and r.
7
Let u = -27665 - -27770. Calculate the highest common factor of u and 1008.
21
Let a(x) = -x**3 + 11*x**2 - 192*x + 726. Let c be a(4). What is the greatest common factor of c and 8750?
70
Let r = 95 - 102. Let p be ((-1020)/(-35))/(-6)*r. Calculate the greatest common divisor of p and 238.
34
Suppose 12*r = 501 + 99. Suppose 4*q - s - 136 = -31, 0 = 2*q + 2*s - r. What is the greatest common divisor of q and 130?
26
Let j(d) = d**3 + 4*d**2 + 7*d. Let u be j(-4). Let z be (105/u)/((-6)/112). What is the highest common factor of z and 56?
14
Let m = -4 - -7. Let a be ((-8)/(-6))/((-24)/(-54)). Suppose 5*p - 2*x = -x + 61, -a*x - 27 = -m*p. What is the greatest common factor of p and 104?
13
Suppose -73 = -6*r - 43. Let m(s) = 2*s**3 - 5*s**2 - 16*s. Let k be m(r). Calculate the highest common divisor of 18 and k.
9
Let p be 578 - (-2 + -1 - 13 - -12). What is the highest common factor of 9 and p?
3
Suppose 5*w = -2*o - 181, 3*o - 2*w - 190 = 5*o. Let p = o + 230. What is the highest common factor of 22 and p?
22
Let z = 1049 + -385. Let r = 1106 - z. What is the greatest common factor of r and 26?
26
Suppose -77*r - 13916 = -219*r. Calculate the highest common factor of r and 8183.
49
Let u(t) = 28*t**2 + 379*t - 8156. Let n be u(20). Calculate the greatest common factor of n and 256.
128
Let a = -1088 + 1618. Let w = a - 387. Calculate the highest common factor of w and 26.
13
Let m(g) be the third derivative of -3*g**4/8 + 19*g**3/6 + 9*g**2 - 2. Let z be m(-4). What is the greatest common divisor of z and 10?
5
Suppose -476*w = -514*w + 38. Calculate the highest common factor of 257 and w.
1
Suppose 3*y = 2*y + 31. Let k be (-5)/4 - 2/(-8). Let f be 91 - ((-4 - -3) + k). What is the highest common factor of y and f?
31
Let f(s) = 2*s**2 - 15. Let i be f(-5). Let j = -61 + i. Let x = 40 + j. What is the greatest common divisor of 126 and x?
14
Suppose -n - 179 = -2*h, 2*h + 446 = 7*h - 2*n. Let t = h + -80. Calculate the highest common factor of 6 and t.
2
Let v(t) = -14 - 11 + 1 - 10*t + 35*t + 63. Let w be v(6). Calculate the greatest common factor of 7 and w.
7
Let p(j) = -j**2 + 7*j + 43. Let s be (-2)/8 + (-1395)/20. Let r = -60 - s. Let x be p(r). Calculate the greatest common divisor of 221 and x.
13
Let a(n) = n**3 - 27*n**2 - 119*n - 137. Let h be a(31). Calculate the highest common factor of 354 and h.
6
Suppose -425216 - 200214 = -170*o. What is the greatest common factor of 13 and o?
13
Suppose 8*z - 10*z = c - 7, 0 = z - 1. Suppose p = -2*p - u + 284, 3*u = -c*p + 468. Calculate the greatest common divisor of p and 12.
12
Let f(h) = 4*h - 134. Let k be f(34). Suppose 5*a = -2*t + 47, -6*a + k*a + 31 = -5*t. What is the greatest common divisor of a and 963?
9
Let v be (998 - -40)*((-1)/(-2))/(2/34). Calculate the highest common divisor of 51 and v.
51
Let n = -13877 + 15641. What is the highest common divisor of 72 and n?
36
Let w be 4/(12/(-27))*1400/42. Let c = 330 + w. Suppose -5*o + o = -60. What is the greatest common divisor of o and c?
15
Let c(w) = w**3 + 36*w**2 - 47*w + 8. Let h be c(-37). Let n be -13 + 27 - 0/(-2). What is the highest common divisor of h and n?
14
Suppose 0 = 6*d - 10*d + 8. Suppose d*u + 308 = 16*u. Calculate the highest common factor of 704 and u.
22
Let b(i) = 51*i**3 + 3*i**2 - i + 1. Let n be b(2). Suppose -10*v - n + 489 = 0. Calculate the greatest common divisor of 18 and v.
1
Let g(l) = -l**3 + 123*l**2 - 598*l - 1373. Let b be g(117). What 